= 4*a, 2*a + 390 = -2*p. Let n = p - -91. Let z = n + 160. What are the prime factors of z?
2, 3
Suppose 5*d - 12*b - 260 = -8*b, 0 = -13*d + 3*b + 676. Let r be (-2)/8 - (-246)/(-8). Let c = r + d. List the prime factors of c.
3, 7
Suppose 2*x - 5*h - 9922 = 0, -10*h = x - 5*h - 4946. Suppose 6*q = 3186 + x. What are the prime factors of q?
23, 59
Suppose 0*h - h + 1 = 0, 0 = -3*n + 2*h + 13792. List the prime factors of n.
2, 11, 19
Let a = 1318 - 3968. List the prime factors of (a/(-159))/((-4)/(-186)).
5, 31
Let q(w) = -1050*w**3 + w**2 + 142*w + 404. What are the prime factors of q(-3)?
43, 659
Let a(v) = 3*v**2 - 27*v + 36. Let n be a(8). Let b(i) be the first derivative of -i**4/4 + 13*i**3/3 + 17*i - 4. What are the prime factors of b(n)?
7, 23
Let z(d) = -d**2 - d - 1. Let g be z(-5). Let n = g + 23. Suppose j - 77 = -4*v, -j - 2*v = n*j - 191. What are the prime factors of j?
61
Let j(v) = -3*v**2 + 13*v + 109. Let d be j(-17). Let h = d - -1680. List the prime factors of h.
701
Suppose 402508 - 225728 = 111*n - 409744. What are the prime factors of n?
2, 1321
Let k = 1202 + 1318. Suppose -45*h - k = -51*h. List the prime factors of h.
2, 3, 5, 7
Let l(f) = 778*f - 2654. List the prime factors of l(7).
2, 349
Let x = 514 + 180. Suppose 2*v - x = -4*r, 6*r = v + 4*r - 367. What are the prime factors of v?
3, 7, 17
Suppose -5*c - 14184 = -4*y, -4*y + 14184 = -0*c + 4*c. Suppose -8*v - 426 = -y. What are the prime factors of v?
2, 3, 5, 13
Let s = 190 + -190. Let f(v) = -v**3 + v**2 - 2*v + 360. List the prime factors of f(s).
2, 3, 5
Let b = 29189 - 9704. What are the prime factors of b?
3, 5, 433
Let h(a) = a**3 + 23*a**2 + 72*a - 42. Let b be h(-18). Suppose -b - 1503 = -7*q. What are the prime factors of q?
3, 5, 17
Let s = -1824 - -1274. Let f = -187 - s. List the prime factors of f.
3, 11
Let o(z) = -z**2 + 7*z - 2. Let q be o(6). Suppose -q*u = -28*k + 25*k - 3774, 5*u + 3*k - 4731 = 0. What are the prime factors of u?
3, 5, 7
Let a(w) be the second derivative of -19*w**3/6 - 81*w**2/2 + w + 8. What are the prime factors of a(-12)?
3, 7
Let o = 9871 + 6332. List the prime factors of o.
3, 11, 491
Suppose -243*o + 1351861 = -5233925. List the prime factors of o.
2, 3, 4517
Let w = 36433 + -11676. What are the prime factors of w?
19, 1303
What are the prime factors of (-97337)/(-9) + 11 + 606/(-54)?
3, 5, 7, 103
Let x(k) = 2*k**2 - 12*k + 1. Let z(y) = -y. Let i(s) = x(s) - 2*z(s). Let w be i(5). List the prime factors of (w - 4) + (73 - 11).
59
Let d(b) = -308*b + 457. Let k be d(-7). Suppose 2*z - 7*z - o + k = 0, -4*o - 2623 = -5*z. List the prime factors of z.
523
Let n(f) = 6219*f + 6440. What are the prime factors of n(4)?
2, 7829
Let w = -996 + 3844. Suppose 0*u = -8*u + w. What are the prime factors of u?
2, 89
Suppose -y = 4 + 3. Let c be (-667)/y - (-10)/(-35). Suppose 2*f - 257 = -c. What are the prime factors of f?
3
Let h(j) = -2*j**2 + 9*j + 42. Let f(d) = d**2 - 9*d - 44. Let q(m) = -3*f(m) - 4*h(m). List the prime factors of q(-9).
2, 3, 5
Let z(u) = -45*u**2 + 5*u + 7. Let i(n) = 22*n**2 - 3*n - 4. Let f(l) = 11*i(l) + 6*z(l). Let t be f(-1). Let r = t - -63. What are the prime factors of r?
2, 3
Suppose y = -3*m + 4, 3*y + 0*m - 2*m = 12. Suppose 0 = d - 6 + y. List the prime factors of (-4)/d*4/(40/(-525)).
3, 5, 7
Suppose 3*p = d + 2170, -5*p + 3620 = 28*d - 29*d. What are the prime factors of p?
5, 29
Let v be 4 - (((-12)/(-4))/3 - -1). Let q be (24/15 - v)/(4/(-120)). Suppose k + q = 33. What are the prime factors of k?
3, 7
Let w(r) = r**2 - 3*r - 6. Let h be w(5). Suppose h*m - 3016 = -y - 2*y, -4*m + 3008 = y. What are the prime factors of m?
751
Let b = 44259 - 20927. List the prime factors of b.
2, 19, 307
Let f = -16 + 33. Suppose -28 - f = -5*u. Let k(d) = -d**3 + 9*d**2 + 6*d + 2. What are the prime factors of k(u)?
2, 7
What are the prime factors of (6012721/44)/19 + (-2)/8?
2, 29, 31
Suppose 0 = -5*a + x - 115 - 43, 2*x + 100 = -3*a. Let g be (-328)/a - ((-7)/4 + 2). Suppose -74 = -2*o - g. What are the prime factors of o?
2
Let v = 6364 + -3378. What are the prime factors of v?
2, 1493
Suppose 31 = 2*i + y, -7*i - 50 = -10*i + 2*y. Suppose i = -2*t + 42. Suppose 0 = -11*j + t*j - 166. What are the prime factors of j?
83
Let g be (713/46)/(((-6)/4)/(-3)). Suppose -4 = -k + g. What are the prime factors of k?
5, 7
Let x = -568 + 1238. What are the prime factors of x?
2, 5, 67
Let i be 1341 - (-8 + 2 + 4). Let r = i + -949. List the prime factors of r.
2, 197
Suppose -2264 = -84*c + 88*c. Let v = 858 + c. List the prime factors of v.
2, 73
Let y(h) be the first derivative of h**3/3 - h**2/2 + 86*h + 31. Suppose 0 = t + t. List the prime factors of y(t).
2, 43
Suppose 141*r = -23*r + 1660664. What are the prime factors of r?
2, 61, 83
Suppose -464*g + 480*g - 154160 = 0. List the prime factors of g.
5, 41, 47
Let g(h) = h**2 + 18*h + 9. Let t be g(-16). Let d = t + 8. List the prime factors of (-1397)/d + (32/60)/(-4).
3, 31
Suppose 64*x = 35*x + 145. Suppose 2*m - 210 = 4*s, -m + x + 85 = s. What are the prime factors of m?
5, 19
Suppose -3 = 3*s, 4*y - 7*s + 2*s = 241. Let g = y - 29. Let f = g + 17. What are the prime factors of f?
47
Suppose 47337 = 5*b + p, -47*b + 47365 = -42*b + 5*p. What are the prime factors of b?
2, 4733
Suppose 16*b - 17*b = -4*o + 76, 0 = 4*o - 3*b - 68. List the prime factors of 1336 + -1 + 4*o/(-16).
2, 5, 7, 19
Suppose -236*j + 505450 = -181*j. What are the prime factors of j?
2, 5, 919
Let l(f) = 5*f**2 + f + 856. Let q(z) = 12*z**2 + 3*z + 1714. Let t(w) = 5*l(w) - 2*q(w). List the prime factors of t(0).
2, 3, 71
Let n(i) = i**2 - 31*i - 10. Let l = -80 - -69. What are the prime factors of n(l)?
2, 113
Let h = 33722 - 22838. What are the prime factors of h?
2, 3, 907
Let o(z) = 917*z**2 + 102*z + 397. List the prime factors of o(-5).
2, 3, 1901
What are the prime factors of (2525/30)/(29/348)?
2, 5, 101
Let j(l) = 2*l - 20. Let m be j(11). Suppose -4*b + m*b = -4, 2*b - 88 = 2*y. What are the prime factors of (-2)/7 - 306/y?
7
Suppose 2*u = q + 3 + 24, 5*q - 9 = u. Let j = u - 15. What are the prime factors of (-21 + 1)*j/(-2)?
2, 5
Suppose 24*r + 12 = 20*r. Let w be (21/r + 3)*5/(-4). Suppose w*f = 131 + 89. What are the prime factors of f?
2, 11
Suppose 5*p - 3*q = 49863, -2*q + 32848 + 7016 = 4*p. What are the prime factors of p?
3, 3323
Suppose -3*x - 3*k - 9 = 63, 2*x = 4*k - 18. Let c = 15 + x. List the prime factors of 48/((-4)/c - 0).
2, 3
Let u = -46538 - -70366. What are the prime factors of u?
2, 7, 23, 37
Let p = 2890 - 1555. What are the prime factors of p?
3, 5, 89
Let g(d) = 4*d + 50. Let x be g(-17). What are the prime factors of (-19 - -22)*(-3)/x*998?
499
Suppose -215*x = -303*x - 389*x + 7968762. List the prime factors of x.
2, 8353
What are the prime factors of (((-6399)/648)/((-1)/8))/(2/138)?
3, 23, 79
Suppose 119*s - 134*s + 117225 = 0. What are the prime factors of s?
3, 5, 521
Let n be ((-2)/4)/(1/54). Let x be 71 - 0/(1/(-1))*12/12. Let f = x - n. What are the prime factors of f?
2, 7
Suppose 85*j - 36*j - 12440 = 41*j. List the prime factors of j.
5, 311
Let h be 4/3 + (-1)/((-9)/2634). Suppose -2*t + k + h = 0, 4*t - k - 692 = -108. Let s = t + 54. What are the prime factors of s?
199
Suppose 2*o + 7 = -3*k, 0*o - 2*o + 33 = -5*k. What are the prime factors of -1*(41*-9 - o)?
373
Let c be ((-5)/10)/(1/578). Let r = c + 715. What are the prime factors of r?
2, 3, 71
Suppose -18*z + 46*z - 103096 = 0. What are the prime factors of z?
2, 7, 263
Suppose 36*l + 2080 = 20*l. List the prime factors of (-2 + -76)/(30/l).
2, 13
Suppose 4*w = -2*r - 0*r + 8, -r = 3*w - 5. Suppose r*d = -27*b + 25*b + 666, -4*d = -b - 1357. List the prime factors of d.
2, 13
Suppose -3*i + 4*m + 29254 = 0, 0 = -4*i - 42*m + 40*m + 38998. List the prime factors of i.
2, 3, 5, 13
Let d = -16180 - -25868. List the prime factors of d.
2, 7, 173
Suppose -6*j + 7 = -7*j, 0 = o + 4*j - 28513. List the prime factors of o.
28541
Suppose -4*p - 20904 = -5*k, -3*k + 18777 - 6241 = 4*p. List the prime factors of k.
2, 5, 11, 19
Let n = -4837 - -8394. List the prime factors of n.
3557
Suppose -182*h + 6930172 + 3099380 = 3487198. List the prime factors of h.
103, 349
Let p be 1